ose 53463 = 4*w + 5*h, -3*h + f - 5 = 0. Is w composite?
False
Let j = -5638 - -24819. Is j prime?
True
Let s(j) = 570*j - 8. Let q be s(-4). Let k be q/(-14) - 15/35. Let y = k + -86. Is y composite?
True
Let p = 280622 - 148605. Is p composite?
True
Let c be 0 + 0 - (-37 + 33). Suppose -64394 = -c*v - 18*v. Is v a prime number?
True
Let y(n) = 2*n**2 - 5*n - 11. Let b be y(-3). Suppose -7*h - 1260 = -b*h. Let j = h - -35. Is j a composite number?
True
Suppose 0 = c - 40 + 34. Suppose c*d = 163217 - 44141. Is d composite?
True
Let h(i) = -110*i**3 + 7*i**2 + 48*i + 216. Is h(-5) a composite number?
False
Let k be ((-3838)/(-4))/(25/(-50)). Let r = 1108 + k. Let m = r + 1722. Is m a composite number?
False
Let w(o) = -o**3 - 19*o**2 + 15*o - 42. Let r(i) be the first derivative of i**4/4 - 5*i**3/3 - 4*i + 15. Let v be r(4). Is w(v) composite?
True
Let o be (-1 - 1/(-2))*-10. Suppose o*j - 18780 = z - 6*z, 5*z + 18750 = 5*j. Is j/45*(5 - 0) - -2 a composite number?
False
Let t = -6 - -12. Let r(y) = -29*y**3 - y**2 - 31*y**3 + y + 61*y**3 + 8. Is r(t) a composite number?
True
Is 1/(-4) + 4 + 3560104/32 - 4 a composite number?
False
Let f = 212 - 89. Suppose 0 = -112*q + f*q - 109153. Is q prime?
True
Suppose -51*y = -47436 - 15197656 - 2386169. Is y prime?
False
Let c = -961 + 972. Suppose 7*j = c*j - 4324. Is j a composite number?
True
Suppose -2*s + 600581 = -h - 2*h, -3*s - 2*h + 900865 = 0. Is s a prime number?
False
Is 27591*3 + (85 - 77) composite?
False
Is 6/(-2) + -46 + 52272 a composite number?
False
Suppose 288*s - 9042107 = 19145317. Is s a prime number?
False
Let u be (-52)/(-7)*(-77)/(-22). Suppose -36*t + u*t + 10390 = 0. Is t composite?
False
Suppose 3*v = 13 - 1. Suppose 0*a + v = 2*a. Suppose -a*j + 2055 = 3*j. Is j composite?
True
Let f(n) = 603*n + 6. Let u be f(4). Suppose -3*b - 3*b + u = 0. Let s = b - 105. Is s a composite number?
True
Let i = 219949 + 26808. Is i a composite number?
True
Is 9*(2 + -1) + 60580 composite?
False
Let g = 28 - 27. Let v be (4 - (2 + g))*-64. Let c = 333 + v. Is c composite?
False
Suppose -74*z + 105247485 = -5*z + 66*z. Is z composite?
True
Is 1*2111*(-11 - 7*(-3 + -7)) a composite number?
True
Let r(b) = -333*b**3 + 11*b**2 + 9*b + 18. Is r(-7) prime?
True
Let g(f) = -12*f**3 - 2*f**2 - 9*f - 4. Let v be g(-6). Let y be (-26)/(-104) - 24185/20. Let a = v + y. Is a a composite number?
False
Let w = 172617 + -46484. Suppose 0 = -7*t + 10*t - 4*m - w, -168175 = -4*t + 3*m. Is t prime?
True
Let g be (0/1)/(-2 + 1). Suppose 2*f + g = 8. Suppose -2*b + 2549 = n, f*b + b - 6377 = -4*n. Is b prime?
False
Suppose -8 = 35*j - 31*j. Let d be ((-282)/(-8) - j)/(1/12). Let w = d - 140. Is w composite?
False
Suppose -55*h = -57*h - 48. Is 435/(-5)*232/h composite?
True
Suppose -a = y + 4*y - 49307, 4*a = 5*y - 49322. Let q = y + -4835. Is q composite?
True
Suppose -19*r = -3*q - 23*r + 594125, -4*q = 5*r - 792165. Is q a composite number?
True
Suppose 448*r - 457*r + 432 = 0. Suppose r*v = 53*v - 2095. Is v a composite number?
False
Suppose 0 = -729*t + 737*t - 1844168. Is t composite?
True
Is (-303990)/(-14) - 1180/2065 a prime number?
True
Suppose 5*q + 2*t - 33012 = -2*t, 2*q + 2*t = 13204. Suppose 43*b - 47*b = -q. Is b a prime number?
False
Let w = 434057 + -273228. Is w a composite number?
False
Let q(c) be the third derivative of -c**6/120 + c**5/10 + 7*c**4/24 - 4*c**3 + 15*c**2. Let b be q(10). Let s = b - -499. Is s composite?
True
Is (-9)/(-6*(-11)/(-147158)) prime?
False
Let r(o) = -o**2 + 8*o - 14. Let z be r(4). Suppose z*h + 4*h - 16704 = 0. Suppose 8*a - h = -400. Is a composite?
True
Let p(w) = -4127*w - 3. Let n be p(-1). Is (n/(-20))/(9/(-45)) prime?
True
Suppose 18*u - 30067 - 18659 = 0. Is u/((0 - -2)/((-8)/(-4))) a composite number?
False
Is 6 + (-1715001)/(-16 - -13) a prime number?
True
Let u = 198045 - 6376. Is u a prime number?
True
Suppose -1547289 - 4048740 = -202*f + 3183901. Is f prime?
False
Suppose -17*p - 95411330 = -47*p - 68*p. Is p composite?
True
Suppose k - 20131 + 179 = 0. Suppose -10*l + k = -4158. Is l a composite number?
False
Suppose 0*r - 2*r - 2*k + 44 = 0, 0 = r + 2*k - 20. Suppose 0 = -7*a + 11 + r. Suppose -3*h + 8*h + a*s = 380, 0 = -4*h - 2*s + 294. Is h a prime number?
True
Let g = -2 + 50. Suppose 0 = 2*t + 16 - g. Suppose 10967 + 1625 = t*l. Is l a composite number?
False
Suppose 0 = 61*k - 58*k + 12, -3*j + k = -455335. Is j a composite number?
True
Let l = -70 - -22. Let u = -43 - l. Suppose -u*j + 8*j = 3129. Is j a composite number?
True
Let v = 36 - 33. Suppose -5*y - v*y = -1976. Let o = y - -126. Is o a composite number?
False
Let y(a) = -3*a**3 - a**2 + 16*a + 26. Let w be y(-2). Is (0 - -1) + (3267 - w - -5) a prime number?
True
Let t(g) = 36876*g - 2033. Is t(9) a composite number?
True
Suppose -f + 2*m + 27833 = 0, 5*f - m - 1080 = 138121. Is f a composite number?
True
Let u be 618 - (-1 + (-3 - -3)). Suppose 0 = -10*d - 3872 + 302. Let c = u + d. Is c a composite number?
True
Suppose 9*m - 5 = -0*s + s, 0 = -4*s + 5*m + 11. Suppose -2 = 2*k - 6. Suppose s*i + 505 = l, 2*i = 2*l - k*i - 1006. Is l a prime number?
False
Let t(g) = 51*g**2 - 26*g - 12. Suppose -s + 10*u - 14*u = 7, 0 = -2*s - 4*u - 14. Is t(s) prime?
False
Is ((-67300)/500)/((-1)/235) composite?
True
Suppose -354955 = -126*v + 124*v - 3*z, 0 = 4*v - 3*z - 709847. Is v prime?
True
Suppose -68166 = 31*f + 392742. Let t = f - -21475. Is t a composite number?
False
Let u(b) = -7142*b - 23. Suppose -44 = -8*n + 30*n. Is u(n) prime?
False
Suppose 5*d - 2*a - 9 = 24, 2*d = a + 14. Suppose -d*n = 2*v - 12891, -12*n + 4*v = -9*n - 7745. Is n composite?
False
Suppose 22*o - 296412 - 5115302 = 0. Is o a composite number?
True
Is (-1)/4 - (-7748550)/120 a composite number?
True
Suppose 424372 = m - 4*o - 764135, -1188516 = -m - 5*o. Is m a prime number?
True
Let a(l) = l**2 + 5*l + 17. Let d be a(-3). Suppose -d*z - 5*z = -46352. Is z composite?
False
Let g = 672563 - 332934. Is g composite?
True
Suppose 0 = -2*m - 1339 - 5475. Let i = m + 14694. Is i prime?
True
Suppose -2*v = v + 1842. Let c be (0 - 1)/((-24)/(-25464)). Let o = v - c. Is o a prime number?
False
Let p = -117330 + 191447. Is p a composite number?
True
Let m(z) = -502*z**3 - 4*z**2 - 3*z - 7. Let o be m(3). Let b = o + 27897. Is b a composite number?
True
Let d(o) = o - 1. Let k(j) = -4*j + 20. Let n(g) = 5*d(g) + k(g). Let i be n(-10). Suppose 2*w + 4*h - 186 = -0*h, i*w + 3*h = 458. Is w composite?
True
Let w be -1 - 1 - -1 - 717/(-239). Suppose -4*z = w*f - 207 - 179, -f = -4*z + 389. Is z a prime number?
True
Is (14*(-37)/148)/((-14)/295388) prime?
True
Suppose 3*h = -5*g + 341538 + 633994, -5*h = -20. Is g/160 - (-4)/(-10) a prime number?
False
Is (-5)/50*-4 - (-9420408)/30 composite?
True
Let a be (1 + 0)/(55/604615). Suppose 9*v + a = 33124. Is v a prime number?
True
Suppose -42*o + 110479 = -1246081 - 1659838. Is o composite?
True
Let j = 1442 - -1953. Suppose 0*r - 1337 = -2*l + 5*r, 5*l - j = 2*r. Is l a prime number?
False
Suppose -22*d - 277 = 119. Let f(n) = -2*n**3 - 20*n**2 + 9*n + 17. Is f(d) prime?
True
Let x(n) = -3*n**3 + 2*n**2 + n. Let w(i) = -5*i - 27. Let h be w(-5). Let t be x(h). Suppose 68 = 5*z + 3*q, -4*z + 2*z - 4*q = -t. Is z composite?
False
Let w(g) = -g**3 + g**2 - g - 1. Let l(j) = -24 + 3*j - 9*j**2 + 3*j**3 + 8*j**2 + 30. Let s(v) = -l(v) - w(v). Is s(-6) composite?
False
Let q = 1170381 - 693250. Is q a composite number?
False
Let y(w) = 14*w**3 + 5*w**2 + 51*w + 17. Let h be y(10). Suppose q - h = -5104. Is q a prime number?
True
Let v(g) be the second derivative of -g**7/84 - g**6/180 - g**5/40 + g**4/6 + 5*g**3/6 - 11*g. Let i(l) be the second derivative of v(l). Is i(-3) prime?
False
Suppose -1391*z = -1380*z - 13911029. Is z composite?
True
Is ((-878)/4)/(-10 + (98378/7028 - 4)) prime?
False
Let a(q) = -97*q + 249. Let x(l) = -48*l + 123. Let f(h) = -2*a(h) + 5*x(h). Is f(-19) composite?
False
Suppose -3*j + 1260459 = -2*x, -5*j - 750*x = -749*x - 2100739. Is j a prime number?
True
Is 2/(-5) - (119195180/(-325) + (-10)/(-2)) composite?
True
Suppose -5*g + 10 = 2*s - 1, 5*s - 4*g - 44 = 0. Let c(v) = -13 - 14*v + 2 + 6*v**2 + s*v. Is c(6) prime?
False
Let b(m) = 38*m**2 + 524*m